uppose a = 4*a - 4*g - 12795, 2*g = 6. Is a a prime number?
False
Let l(g) be the third derivative of -1/24*g**4 + 1/10*g**6 + 0 + 1/2*g**3 + 10*g**2 + 0*g - 1/12*g**5. Is l(4) composite?
True
Suppose -w - 4*k - 54 = -140, 2*k + 2 = 0. Let a be (-8)/(-1)*3/6. Suppose a*j - 412 - w = -3*q, -3*q = -5*j + 641. Is j prime?
True
Let t(o) = -207*o + 1. Let f be t(-2). Suppose 0 = 5*k + 4*s - 32, -2*k = 2*k - 3*s - 7. Suppose k*n = -n + f. Is n composite?
False
Let c = -20 - -27. Suppose 3*s = 4*i - 1672, -s = -8*i + c*i + 419. Is i a prime number?
False
Suppose y - 792 = 2*j + 3*j, 0 = -5*j + 4*y - 783. Let s = 104 - j. Is s prime?
True
Suppose 4*n = -5*s + 28, 0*s = s - 4*n - 20. Let x = 27 + s. Is x composite?
True
Let v(l) = 2543*l + 503. Is v(28) composite?
False
Is 338514/198 - 12/(-9) prime?
False
Let z = 163 - -168. Is z prime?
True
Suppose -524*q = -522*q - 2146. Is q a prime number?
False
Suppose 22*c = 23*c - 1468. Let d = c + -301. Is d composite?
True
Suppose 0 = -5*n + a - 4*a + 48242, 28946 = 3*n + a. Is n a composite number?
False
Let r(p) = -184*p**3 - 4*p**2 - 3*p - 1. Let j be r(-2). Suppose 0*d + 3*d = j. Is d composite?
False
Let m(d) = -10*d + 2. Let f be m(-1). Let p = f + -10. Suppose -i - 2*n + 39 = p*n, -251 = -4*i + 3*n. Is i a prime number?
True
Suppose 3*q + 0 = 60. Let r = q + -5. Suppose 4*v - v + r = 0, -4*v = 2*u - 486. Is u prime?
False
Suppose 2064 = 4*b - 3*m, -4*b + 991 = -2*m - 1073. Let o = 2247 - b. Is o prime?
False
Let x(z) = -54*z + 20. Let m be x(-7). Suppose 8*d - 2250 = m. Is d composite?
False
Let w = -74 - -133. Is w a composite number?
False
Let b be 6/4 + (-10812)/(-24). Let j = b - 4. Is 6/(-18) + j/3 a prime number?
True
Let d(w) = -2*w - 7. Let c be d(-3). Let k = 6 + c. Suppose -1185 = -3*g + 2*y, k*g - 1182 = 2*g + y. Is g a prime number?
False
Let b(t) = -79*t**2 + t - 1. Let g be b(1). Is (-18 - 4)*g/2 prime?
False
Let s = -10 + -54. Let v = s - -119. Is v a composite number?
True
Suppose 5*x = -5*a + 20220 + 18375, -4*a + 30896 = -x. Is a a composite number?
False
Suppose m = 98 - 27. Suppose -2*t - m = 3*l - 240, -l = 4*t - 313. Is t composite?
True
Suppose d = 3, -w - 2*d = 3*d - 15. Suppose -7*l + 3*l + 1564 = w. Suppose -t = 5*o - l, -6*o + 2*o + 312 = t. Is o a prime number?
True
Suppose 35*v - 41*v + 37182 = 0. Is v a composite number?
False
Is (-84)/(-210) + (-63526)/(-10) prime?
True
Let p = -372 + 3723. Is p prime?
False
Suppose 2*o - 12*o + 27790 = 0. Is o a composite number?
True
Let j = 79 + 36. Is j composite?
True
Let d be 6 + -1 + 0 - 2. Suppose -4*x + 3*x = -d. Is 38 + x/(0 - 1) a prime number?
False
Suppose -17*a = -9*a - 57656. Is a a composite number?
False
Suppose -14 = -2*n - 2. Suppose -q = -n*p + p + 2395, 5*p + 4*q = 2395. Is p a composite number?
False
Let o be ((-9)/15)/(3/(-15)). Suppose 0 = -3*l - 5*f + 2*f + 33, o*l - 3*f = 21. Suppose -l = -4*p + 67. Is p composite?
False
Suppose 25 = 3*d + 2*r, -2*d + 3*d - 4*r + 1 = 0. Suppose 6*y - d*y + 114 = 0. Suppose 278 = 4*x - 2*m, 3*m = 2*x + 7*m - y. Is x a prime number?
True
Let m = -108 + 107. Is m/(2/(-11694)*(10 + -7)) a prime number?
True
Suppose 9466 = 6*j - j + w, 0 = 4*j + 3*w - 7564. Is j a prime number?
False
Suppose -4*g = 3*h - 8*g - 23, 0 = 2*h - 2*g - 14. Let b be (-1)/(-2 + 9/h). Suppose b*p + 0*p = 165. Is p a prime number?
False
Let b be 129/4 + 12/16. Let r be (-110)/b*(-12)/(-10). Is 6/r + 66/4 a prime number?
False
Let z be 57052/17 - (-1 + 2). Suppose z + 3060 = 5*w. Is w a prime number?
True
Let a(p) = 434*p**2 - 13*p + 23. Is a(2) composite?
False
Suppose 0 = -5*s - 5*b + 186910, 3*s + 149501 = 7*s - 5*b. Is s composite?
False
Suppose -r + 4*w - 265 = 0, -4*w + 962 = -5*r - 395. Let l = r - -482. Is l a composite number?
True
Suppose 6*i - 5*n = 3*i + 4721, -4*i - 5*n + 6318 = 0. Is i prime?
False
Let z(y) = -y**2 - 5*y. Let j be z(0). Suppose j*l - 2*l + 1978 = 4*a, -2*a - 3906 = -4*l. Is l a prime number?
False
Suppose w = 0, 6*q - 3*q - 3*w - 45 = 0. Is (-4)/10 + 1071/q a composite number?
False
Let s = -8 - -10. Suppose 0 = t + s*t - 468. Suppose 2*d + 87 - 434 = 5*a, d - t = -a. Is d a prime number?
False
Suppose 0 = 3*v + v. Suppose -5*x + g = -v*g + 46, -2*x - 28 = 2*g. Is 1/(-3)*3810/x composite?
False
Let b(x) = 6*x - x**3 - 5 - 14*x - 2 - 7*x**2. Let w be b(-6). Suppose -2*r = -w*m - 680, 0*r - m + 1003 = 3*r. Is r prime?
False
Suppose 0 = 4*d - 0*d + 8. Let n(w) = -50*w**3 + 4*w**2 + 3. Is n(d) composite?
False
Let s = 44 + -41. Suppose 0 = -s*j + 3, -5*g + j + 2166 + 8328 = 0. Is g a prime number?
True
Let y(w) = 26*w + 8. Let k(l) = -13*l - 4. Let s(b) = 9*k(b) + 4*y(b). Is s(-3) prime?
False
Let w(q) = -2*q**3 + q**2 + 6*q + 898. Is w(0) a composite number?
True
Let u be 192 + (-9)/(-3)*-1. Let n = -200 + 70. Let k = u + n. Is k prime?
True
Let o(i) = -2*i - 22. Let b be o(-11). Suppose -4*c = 3*h - 996, b*h - 3*h = 0. Is c composite?
True
Let c = 13 - 9. Suppose -2*k = -3*k + c. Is -2*(-3 - 1114/k) prime?
True
Let j(m) = -919*m + 26. Is j(-5) a composite number?
False
Is ((-163074)/((-18)/3))/1 composite?
False
Let w = -36924 - -66493. Is w a prime number?
True
Let u = 22562 - 9415. Is u prime?
True
Let j = -1095 + 1864. Is j a composite number?
False
Let z(i) = -i**3 + i**2 - 3*i + 3643. Is z(0) a composite number?
False
Is (((-15)/(-5))/3)/(3/70791) a composite number?
True
Suppose l - 17634 = -3*u + 31604, -2*u + 32842 = 4*l. Is u a composite number?
False
Let y(j) = -j**2 + 5*j + 7. Suppose 0*g - 18 = -2*r + 4*g, -2*r = 2*g - 12. Let l be y(r). Is (-17 - l)/((-2)/29) a composite number?
True
Is (-1)/(-6) + 741377/78 a composite number?
True
Suppose -14 = -2*o - 3*r, -3 + 1 = -2*o + 3*r. Suppose 929 = o*b - 2027. Is b composite?
False
Suppose -281 = -3*h - 4*y, h + 465 = 6*h + 5*y. Let n = -61 - -28. Let d = n + h. Is d prime?
False
Let z = 0 - -3. Suppose -z*w + 4*w = 4. Suppose -3*f - 10 = -4*f + w*j, 5*f = 3*j + 33. Is f prime?
False
Let d be (-3 - (-1 + -3))*-61. Let a = d + 123. Let p = -3 + a. Is p prime?
True
Let m(h) = 59*h - 6. Let b be m(9). Suppose 0*c + b = 5*c. Suppose 7*w + c = s + 2*w, -263 = -3*s + 2*w. Is s composite?
True
Let u(y) = 24*y + 653. Is u(54) a prime number?
True
Let t(v) = -48*v + 229. Is t(-10) composite?
False
Suppose -18*o - 2335 + 247 = 0. Let c = 273 + o. Is c a composite number?
False
Let t be ((-186)/5)/(5/(-25)). Suppose 12*j = 13*j + t. Let r = j + 443. Is r composite?
False
Suppose -16738 = -3*w - m, 3*m - m - 27895 = -5*w. Is w a prime number?
True
Suppose -4*j - 4*t = -4848, -19*j = -16*j - 2*t - 3661. Is j composite?
False
Suppose 0 = 52*n - 59*n - 23212. Let k = 195 - n. Is k a prime number?
True
Let s(q) = -2*q**2 + 12*q - 5. Let r be s(5). Suppose -2*v + v + 190 = 3*k, 2*k - r*v = 155. Is k composite?
True
Let f = 36710 - 20107. Is f prime?
True
Suppose 23*a = 13*a + 4370. Is a prime?
False
Let f be 0/(-1) + (-2 - 0). Let v(r) = 4*r**3 + 81*r**2 - 46*r + 9. Let h be v(-21). Is h/(-10) - f/10 a composite number?
True
Let o(q) be the second derivative of 254*q**3/3 + q**2/2 + 25*q. Is o(1) a composite number?
False
Let d(n) = n**3 - n + 1. Let t(q) = 106*q**3 + 4*q + 4. Let b(v) = -3*d(v) - t(v). Is b(-3) prime?
True
Suppose 0*t + 1368 = 4*m + 3*t, -2*m + 2*t + 670 = 0. Suppose -m = -3*b + 54. Is b prime?
True
Let g be (3 - 3 - -2) + 1132. Let k = -503 + g. Is k a prime number?
True
Is 600/150 - (0 - 4267)*1 a composite number?
False
Let w(o) = -176*o**3 + o**2 + 4*o. Let i be w(3). Let u = 7033 + i. Is u a composite number?
True
Let x = 2146 + 1243. Suppose d - 2*c = 3399, -3*d - 4*c - x = -4*d. Is d a prime number?
False
Let t be (-5 - 0) + 7 + 10. Suppose t*f - 68381 = 10759. Is f a prime number?
False
Suppose -k - k + 6 = 0. Suppose -2*r - 2*r - 3065 = -3*z, 3085 = k*z + r. Is z prime?
False
Is (-1)/(-7) - (-7685)/203 a composite number?
True
Let f = 7 - 10. Is -2*(3729/9)/(2/f) a prime number?
False
Is 1563 + 1*(-2 - 8) prime?
True
Let p = 42513 - -2630. Is p a composite number?
True
Let z be -14*((-48)/(-7))/2. Suppose 4*m - 59 = 3*o, o + 55 = -2*o + 5*m. Let k = o - z. Is k a composite number?
False
Let t be (-2 + 1 - 1) + 6. Suppose 5*u + w = 2*w + 9719, -2*w = t*u - 7764. Is u a prime number?
False
Let p(d) be the third de